re the prime factors of (0 + -2)/(y/(-69))?
23
Suppose i + 88 = 3*i. Suppose i = 4*p - 3*l + 14, 3*p - 5*l - 28 = 0. What are the prime factors of p?
2, 3
Let j be (4/6)/(2/15). Let l = j + 3. Let b = l - 1. List the prime factors of b.
7
Let w(n) = -n + 10. Let z be w(7). Suppose z*m - 50 = 16. What are the prime factors of m?
2, 11
Suppose -3*j + 15 = -0*j. Suppose -2*c - 10 = -c - 5*i, -j*i = -15. Suppose -s + 5*u = 2*s - 35, c*u = -4*s. List the prime factors of s.
5
Let j(a) = -a**3 - 2*a**2 + 6. Let l be j(-5). Suppose -4*y - 121 = -5*b + l, b - 53 = 5*y. Suppose -v - 2*v = -5*f + b, 8 = 2*v. List the prime factors of f.
2, 5
Let b be (1 + 3)*(-1)/1. Let w = 4 + b. Suppose -d + 2*d - 10 = w. List the prime factors of d.
2, 5
Let s be 2/(-10) + 27/(-15). List the prime factors of (-4)/s - (-17 + -5).
2, 3
Let r be 6/9 + (-50)/3. Let t = r + 31. List the prime factors of t.
3, 5
Suppose 0 = 3*n, j - 3*j - 2*n = 0. Suppose -c - 2 - 2 = j. Let g = 10 + c. List the prime factors of g.
2, 3
Let c(n) = 11*n**3 - 3*n + 6. List the prime factors of c(3).
2, 3, 7
Suppose -75 = 5*a + 2*s - 0*s, 5*a + 5*s = -90. Let j = a + 58. List the prime factors of j.
3, 5
Suppose -10*i + 401 = -1399. List the prime factors of i.
2, 3, 5
Let j(b) = -7*b - 1. Suppose -z - 13 + 2 = 3*p, 0 = 2*z + 10. List the prime factors of j(p).
13
Suppose 0 = -6*m + 47 - 11. Suppose 0 = -4*j + m*j - 66. List the prime factors of j.
3, 11
Let c = 6 + -6. Suppose -12 = -h - q - c*q, 0 = -5*h - 2*q + 60. What are the prime factors of h*(-2)/(-2) - 1?
11
Suppose 4*z - 16 = 0, 2*n + 2*z = -n + 17. List the prime factors of (12 - 6/n) + -2.
2
Suppose 0 = -6*w + w + 15. Suppose w*t - 23 = 16. List the prime factors of t.
13
Let j(c) = -65*c - 18. What are the prime factors of j(-6)?
2, 3, 31
What are the prime factors of ((2 - (-142)/(-4)) + 1)*-2?
5, 13
Suppose -5*u = -4*u - 4. Suppose 2*r = -n - 4*n + 133, u*r - 16 = 0. List the prime factors of n.
5
Suppose 2*m - 8 = 12. Suppose -m = -3*f + 2*z, -5*z - 2 = -7. Suppose 4*r - 42 = -b + 2*b, 4*r - 52 = -f*b. What are the prime factors of r?
11
Suppose 0 = -5*o + 4*o + 2. Let b(y) = y**2 + y. Let c(h) = -2*h**3 + 3*h**2 + 7*h + 1. Let f(a) = 5*b(a) - c(a). List the prime factors of f(o).
19
Let o(r) = r**3 + r**2 - 2*r + 2. What are the prime factors of o(3)?
2
Let y(z) = 7*z**3 - z**2. Let s be y(1). Suppose 23 = a - 4*f, -2*a - 3*f + f = 4. Let x = s + a. List the prime factors of x.
3
Let s(k) = -2*k**3 - 13*k**2 - 6*k + 7. What are the prime factors of s(-6)?
7
Let s(p) = p**3 + 6*p**2 + 6*p + 3. Let m be s(-5). Let j be 2/m + -7 + 6. What are the prime factors of (52/2)/2 - j?
3, 5
Let q(j) = j. Let f be q(3). Suppose 25 = 4*g - f*g. What are the prime factors of g?
5
Suppose -16 = -5*o + 14. Let m = 18 - o. What are the prime factors of m?
2, 3
Let x = 461 + -163. What are the prime factors of x?
2, 149
Suppose -d + 76 = d. What are the prime factors of d?
2, 19
Let o be 4/5*(-5)/(-2). Let w(p) = -3 + 5 - p**o - p + 0*p. List the prime factors of w(0).
2
Let b(w) be the third derivative of w**6/120 + w**5/60 + 5*w**3/3 - 4*w**2. What are the prime factors of b(0)?
2, 5
Let y be -1 + ((-2)/1 - 0). Let t(a) = -a**2 + 1. Let q(g) = 7*g**2 + 3*g - 5. Let c(r) = q(r) + 4*t(r). What are the prime factors of c(y)?
17
Let v(n) = -3*n**3 + 8*n**2 - 11*n - 7. Let y(c) = -c**3 - 1. Let w(p) = v(p) - 4*y(p). List the prime factors of w(-9).
3, 5
Let z = 75 - 40. List the prime factors of z.
5, 7
Suppose -9*h - 948 = -2460. List the prime factors of h.
2, 3, 7
Let h(b) = 3*b - 3. Let a be h(2). Suppose 4*f = -a*v - 7, 5*f - 1 = 2*v + 19. Suppose 0 = f*d - 2 - 20. List the prime factors of d.
11
Suppose 18*l + 345 = 23*l. What are the prime factors of l?
3, 23
Let h = 5 + -5. Suppose -5*m + 20 = 0, h*o - m = o - 15. What are the prime factors of o?
11
Suppose -v + 3 = -3. Let k = 9 - v. List the prime factors of (k + -1)*(-27)/(-6).
3
Let r(x) = 2*x**2 + 6*x - 9. What are the prime factors of r(-6)?
3
Let m(x) = 2*x + 3*x + 2 - 2*x**2 + 3. Let g be m(5). What are the prime factors of g/(-3) + 6/(-9)?
2, 3
Let r(f) = f**2 - 5*f + 2. Let o be r(5). Suppose 5*k = o*k. List the prime factors of -1 + 0 + 3 - k.
2
List the prime factors of 3 + 186 + -5 + 7.
191
Suppose 3*d - 84 = -4*t, 5*d = -t - 7 + 147. What are the prime factors of d?
2, 7
Let k be -2*3/(-6) + -43. Let p be (5/(-15))/(2/k). Let q(a) = -a**3 + 7*a**2 + 10. List the prime factors of q(p).
2, 5
Let f = 29 + 5. List the prime factors of f.
2, 17
Let m(c) = c**3 + 9*c**2 + 3. Let n be m(-9). What are the prime factors of (4/2)/(n/6)?
2
Let y(w) = 3*w**2 + 4*w + 2. Let c be y(-4). Suppose -3*j - 11 - c = -2*p, 2*j = -2*p + 20. What are the prime factors of p?
3, 5
Let p(y) = -y**2 + 8*y - 4. Let v be p(6). Let l = -3 + v. Let h = 12 - l. List the prime factors of h.
7
Let o(g) = g + 2. Let x be o(-3). Let r = 20 + x. What are the prime factors of r?
19
Suppose 8*s - s - 413 = 0. What are the prime factors of s?
59
Suppose -2*x + 40 = 3*x. Let d = -6 + x. What are the prime factors of d?
2
Let k = -10 + 38. List the prime factors of k.
2, 7
Let r be (-450)/(-7) - (-6)/(-21). Suppose 3*w - r = -22. List the prime factors of w.
2, 7
Suppose -g + 0*g = -99. Let j = g - 50. Suppose 3*h = 2*w - 37, 2*h = -4*w + 3*h + j. What are the prime factors of w?
11
Suppose 3*b - 14 = -4*d, 4*b = 3*b - 3*d + 8. Let v = 20 - b. List the prime factors of v.
2, 3
Let g = 4 - 1. Suppose -3 = -g*a + 18. What are the prime factors of a?
7
Let z = 0 + -2. Let f(l) = -l**3 - 2*l**2 - l - 12. Let j(w) = w**3 + w**2 + w + 1. Let v(x) = z*j(x) - f(x). List the prime factors of v(0).
2, 5
List the prime factors of 10/(-1)*(117/(-15) + 3).
2, 3
Suppose 1 = -4*h + 5. Suppose -h = -z + 7. List the prime factors of z.
2
Let z(q) = -q**2 - 22*q + 54. List the prime factors of z(-22).
2, 3
Let f be 2/(2/6*2). Suppose 0 = 2*r + f*r - 20. List the prime factors of 5*(24/15)/r.
2
What are the prime factors of 3 + -2 + 2 + 94?
97
List the prime factors of (-30)/80 - (-310)/16.
19
Suppose -4*x + 5 + 47 = 0. Suppose 2*b = b + x. What are the prime factors of b?
13
Suppose 2*s = -4*y - 10 + 26, 5*s = 3*y - 25. Let k be y/(-15) + (-88)/6. Let f = k - -22. What are the prime factors of f?
7
Suppose -2*a + 165 = -a. What are the prime factors of a?
3, 5, 11
Let n(y) = -y**3 - 7*y**2 - 6*y. Let o be n(-6). Suppose -f + 2 = -o. Suppose -5*g - f = -2*i + 2, -2*i + 2*g + 4 = 0. What are the prime factors of i?
2
Let b(z) = z**2 + 13*z + 15. Let a be b(-12). Suppose 0 = 2*l + 4*s - 80, -a*l + 0*l - 5*s + 122 = 0. List the prime factors of l.
2, 11
Suppose 0 = 3*r - 2*x - 10, -4*r - 3*x + 19 = -0*x. Suppose r*o - 22 = 2*o. What are the prime factors of o?
11
Let n(x) = 7*x - 21. Let k = -18 - -24. What are the prime factors of n(k)?
3, 7
Let j(d) = 5*d - 1. Let m be j(1). Suppose 0*y = m*y + 40. What are the prime factors of (-2)/y - 39/(-5)?
2
Let n be ((-10)/15)/((-2)/(-3)). Let v be 1 + 2/n + 22. Suppose 0 = 4*b - b - v. List the prime factors of b.
7
Suppose -8*s + 155 = -3*s. List the prime factors of s.
31
Suppose -29*i + 24*i + 320 = 0. What are the prime factors of i?
2
Let j(o) = -o**3 + 5*o**2 - 3*o + 6. Let b be j(4). Suppose -2*a = -0*a - b. Suppose 0 = -3*d - 4*h + 44, 4*h + 38 = 3*d + a*h. List the prime factors of d.
2, 3
Let c(h) be the second derivative of 11*h**4/12 + h**2/2 + 3*h. Let p be c(1). Let s = 20 - p. List the prime factors of s.
2
What are the prime factors of (88/12)/((-2)/(-6))?
2, 11
Suppose 4*h + w = 5*h - 222, -2*h - 2*w + 424 = 0. List the prime factors of h.
7, 31
Suppose h + 5*g = -12 + 4, -2*g - 12 = -4*h. Suppose h = 2*w - 0*w. List the prime factors of (-6)/(-6)*w*15.
3, 5
Suppose -f + 4*i + 0*i - 16 = 0, -5*f - 2*i = -30. Suppose -f*s + 44 + 32 = 0. What are the prime factors of s?
19
Suppose -121 - 29 = -5*y. Suppose -k = -2*x + 54, 4*x - 92 = -5*k + y. Suppose 2 - x = -2*z. What are the prime factors of z?
13
Let c = -1 + -1. Let m = c - 1. List the prime factors of 11 + (-3)/(0 - m).
2, 5
Let u = 8 - 9. List the prime factors of 18 - (1 + u + -1).
19
Suppose -3*q = -0*q. Suppose 2 = j - q. Suppose -2*r = j*l + 2, -4*l + 5*r + 33 = -8. List the prime factors of l.
2
Suppose -m = -2*m +